common factor of s and 2.
2
Suppose -i + 3*a + 15 = 2*i, -5*i = 5*a - 5. Suppose y + 3*g + 60 = 8*g, -4*y - 240 = -i*g. Let f = -25 - y. Calculate the greatest common divisor of 7 and f.
7
Let d = -1 - -2. Let n be (1 + 0)*d*8. Let z be -2 + 8*3 + -2. What is the highest common divisor of n and z?
4
Let r = 52 + -28. Let v = -30 + 46. What is the highest common divisor of r and v?
8
Suppose -19 - 95 = -19*y. Let p be (2 + -1)*(-1 - -1). Suppose -z + 3 = -p, 2*b = -3*z + 17. What is the greatest common divisor of b and y?
2
Let j = 94 + -64. Let y be (-3*1)/(6/4). Let c be (-20 + 0)*y/4. What is the highest common factor of j and c?
10
Suppose -4*y - q + 83 = 0, -3*y + 47 = -4*q - 20. What is the greatest common factor of 7 and y?
7
Let a = 28 + 6. Suppose -2 = 2*i - a. Calculate the greatest common divisor of i and 2.
2
Let j be 9/(-15) - (-186)/10. Let y be -9*2*(-15)/j. What is the greatest common factor of y and 3?
3
Let o = 9 - -12. Let t(m) = -3*m - 6. Let j be t(-5). Let z = o + j. Calculate the highest common factor of 3 and z.
3
Let k be -24 + 27 + (1 - (-115 + -1)). What is the highest common factor of 48 and k?
24
Let o(t) = -10*t - 15. Let q be o(-3). What is the greatest common factor of 10 and q?
5
Let z = 8 - 3. Suppose z = l + 2. Suppose 3*k - 27 = -2*s, 0*s = k + l*s - 16. Calculate the greatest common divisor of 56 and k.
7
Suppose 5*c + 0*c - 30 = 0. Let j be -2 - (-2 - (2 + c)). Let o = 0 + j. What is the highest common divisor of o and 20?
4
Let z(y) = y**3 + 8*y**2 - 12*y - 4. Let w be z(-9). Calculate the highest common factor of 207 and w.
23
Suppose -4*a = -2*r - 104, 39 = 3*a - 4*r - 29. What is the greatest common factor of a and 70?
14
Suppose 7 - 47 = -5*j. Let g = 15 - 14. Let n be g/((-6)/j - -1). Calculate the highest common factor of n and 12.
4
Let v = 90 + -9. What is the highest common divisor of 9 and v?
9
Suppose 6*z - 126 = 4*z. Calculate the greatest common divisor of 42 and z.
21
Suppose 0 = 3*w + 5*y - 7, 0 = 3*w - 3*y - 2*y - 17. Let k be 5 - 7/((-7)/w). What is the greatest common divisor of k and 27?
9
Let v be 10/25 - 8117/5. Let i be v/(-21) - (-4)/(-14). Let m be i/5 - 8/20. Calculate the highest common factor of 10 and m.
5
Let l = -247 + 391. What is the greatest common divisor of 16 and l?
16
Suppose u - 3*u = z - 26, 0 = 4*z - 2*u - 84. Let x = 19 - 8. Calculate the greatest common divisor of z and x.
11
Suppose i + 4*i - 5 = 0. Let x(p) = 3*p - 1. Let q be x(i). What is the greatest common factor of 18 and q?
2
Suppose -5*l + 7 = 3*w - 3, 8 = 4*l + 5*w. What is the greatest common factor of l and 26?
2
Let s = -18 + 20. Suppose -4*h + 5*f + 42 = 0, 0*h - 38 = -5*h - f. What is the highest common factor of h and s?
2
Let v = 400 + -162. What is the greatest common factor of v and 34?
34
Let i = 61 - -101. What is the highest common divisor of 18 and i?
18
Let b be -4 + 5 - (-108)/2. Suppose 0 = 4*r - 21 + 5. Suppose -7 = r*o - 51. Calculate the greatest common divisor of o and b.
11
Suppose 2*i + 9 = 5*i. Suppose 0*l = -5*l + c + 54, -12 = i*c. Suppose 0*y = -2*h - 2*y + 10, 18 = 2*h + 4*y. Calculate the highest common divisor of l and h.
1
Let m = 202 + -97. Let d = 8 + -3. Suppose d = b - 10. What is the greatest common factor of b and m?
15
Let y(m) = -m + 23. Let n(q) = q - 23. Let t(g) = -6*n(g) - 5*y(g). Let v be t(9). Calculate the greatest common factor of 42 and v.
14
Let m = 15 + 40. Let l(z) be the second derivative of z**4/6 - 3*z**3/2 + 17*z**2/2 + 12*z. Let s be l(5). Calculate the greatest common divisor of m and s.
11
Let f(a) = 2*a + 4. Let v be f(-4). Let q be v/18 - (-58)/18. Suppose 5*n = 3*b + 45, -b + 65 = 5*n - 0*b. Calculate the greatest common divisor of q and n.
3
Let z = 16 + -9. Let h be ((-117)/(-6))/((-6)/(-8)). Suppose -2*o = -82 + h. Calculate the greatest common divisor of o and z.
7
Let t be 3 + (-69)/21 + (-430)/(-35). What is the greatest common divisor of t and 3?
3
Let h(o) = 54*o**2 - o + 1. Let t be h(1). Let p be 2/6 - 17/(-3). What is the highest common divisor of p and t?
6
Let r be -2*(-1 + (-38)/4). Suppose -m = -4*j - 205, 2*j - 6*j - 961 = -5*m. What is the greatest common divisor of r and m?
21
Let f(a) = -a**3 - 2*a**2 - 3*a + 2. Let v be f(-4). Calculate the highest common divisor of 23 and v.
23
Let q be (-4 - -20)/(3/(-3)). Let x = q + 9. Let l = x - -12. What is the greatest common divisor of l and 1?
1
Suppose -3*i = -y + 2*i + 104, -i = 4*y - 374. What is the highest common factor of 235 and y?
47
Let o be 18*(-3)/12*1*-6. Calculate the highest common divisor of 135 and o.
27
Let t be (-3)/4 + (-30)/(-8). Suppose 91 = t*p + 5*z, -4*p = 4*z - 0*z - 124. What is the highest common factor of 192 and p?
32
Let c be 3/9 + (-335)/(-3). Let b be 6/(-5)*(4 - -1). Let v be (-147)/(-9) - (-2)/b. What is the highest common divisor of c and v?
16
Let r be (-405)/(-21) + 12/(-42). Calculate the greatest common factor of r and 57.
19
Let a(d) = -24*d**3 - 3*d - 3. Let f be a(-1). Suppose -3*o + 193 = -35. Let c = o + -40. Calculate the highest common factor of f and c.
12
Let t(p) = p**2 - 6*p + 3. Let s be t(6). Calculate the highest common divisor of 2 and s.
1
Let x be (204/5)/(9/30). Suppose 0 = s + 3*s - x. What is the highest common factor of 17 and s?
17
Suppose 4*x + 38 = p, 0*x = 5*p - 4*x - 110. Let n(t) = 21*t**2 - 6*t - 9. Let d be n(-3). Calculate the greatest common divisor of p and d.
18
Suppose -5*p = -145 + 30. Calculate the greatest common factor of 115 and p.
23
Suppose 0*q = -4*q + 180. Suppose -b + 3*c = 2*b - q, -2*c = 5*b - 68. Calculate the greatest common factor of 28 and b.
14
Let t be (1 + 0)/1 + 0. Let o be 27 - 2 - (t - 1). Suppose 7 + o = 4*m. Calculate the greatest common factor of 20 and m.
4
Suppose -5*h + 10 = -5*d, -h - 3*d + 6*d = -6. Suppose h = -g - 2*g + 18. What is the highest common factor of g and 66?
6
Let w be (-209)/(-9) - (-24)/(-108). What is the greatest common factor of w and 253?
23
Suppose 4*b + p - 13 = 0, 2*b + b - 5*p = 27. Let f = 25 - 13. What is the greatest common divisor of b and f?
4
Suppose -5*t = 15 + 10. Let k = 8 + t. Let b = -11 + 26. What is the greatest common divisor of b and k?
3
Suppose -f - 2 = -0*f, o - f - 8 = 0. What is the greatest common factor of 2 and o?
2
Suppose a + t - 13 = 0, 4*t - 4 + 0 = 0. Suppose -15*u = -14*u - a. What is the highest common factor of u and 108?
12
Suppose -3*b + 88 = 8*b. Suppose -2*m - 4*q + 148 = 0, 0 = -3*m - q - 3*q + 212. Calculate the highest common factor of b and m.
8
Let k be (-2 + -1 + 5)/1. Let x be (-35)/k*(-112)/70. What is the highest common factor of x and 70?
14
Let r(m) = -2*m**2 + 2*m**2 + 4*m + 2*m**2 - 5. Let x be r(-5). Calculate the greatest common factor of 175 and x.
25
Let o be 10/(-45) + 5352/27. Calculate the greatest common divisor of o and 18.
18
Suppose -5*u - 5*h + 240 = 0, 2*u + 3*u - 240 = h. Calculate the highest common factor of 12 and u.
12
Let z(d) = d + 5. Let y be z(0). Suppose y*j - 370 = -70. Calculate the highest common divisor of j and 12.
12
Suppose -4*v + 5*j = -3*v - 78, -70 = -v - 3*j. Suppose 4*z - v = 47. What is the greatest common divisor of z and 10?
10
Let w = -47 + 59. What is the greatest common factor of w and 132?
12
Let q = 98 - -52. Calculate the highest common divisor of q and 30.
30
Let l be (-3 + 1 - 0) + -44. Let f be (-4)/16*(l + 2). Let u = -5 + f. What is the highest common divisor of u and 48?
6
Suppose 2 = -p - 4*x, 5*p + 3*x + 3 = 10. Suppose -2*n - 6 = 0, -t + 8 = -n - n. What is the greatest common divisor of t and p?
2
Let f(i) = -9*i + 5. Let v be f(-5). Let x = v - 29. Calculate the highest common divisor of x and 3.
3
Let y = -25 + 55. What is the highest common divisor of 15 and y?
15
Let t be -8*((-3)/(-2))/((-12)/10). Let z be (3/(-2))/(6/(-40)). What is the highest common factor of t and z?
10
Suppose h - 9 = 4*h. Let y(d) = -d**3 - 4*d**2 - 3*d + 4. Let i be y(h). Calculate the greatest common factor of 12 and i.
4
Let o be ((-2)/6)/(5/(-735)). Suppose -3*k - 2*t = -78 - o, 0 = -5*k - 2*t + 217. What is the highest common divisor of k and 5?
5
Let i = -6 - 3. Let v = 34 - i. Let k = -18 + v. Calculate the greatest common factor of k and 10.
5
Let v be ((-10)/(-8))/(2/